{"id":351,"date":"2023-08-23T14:15:44","date_gmt":"2023-08-23T12:15:44","guid":{"rendered":"https:\/\/skola7.sigulda.lv\/?page_id=351"},"modified":"2023-08-25T13:07:09","modified_gmt":"2023-08-25T11:07:09","slug":"ar-skolas-darbibu-saistiti-dokumenti","status":"publish","type":"page","link":"https:\/\/skola7.sigulda.lv\/index.php\/ar-skolas-darbibu-saistiti-dokumenti\/","title":{"rendered":"Ar skolas darb\u012bbu saist\u012bti dokumenti"},"content":{"rendered":"\n<p><a href=\"https:\/\/skola7.sigulda.lv\/wp-content\/uploads\/2023\/08\/Mores-pamatskolas-nolikums.pdf\">Skolas nolikums<\/a><\/p>\n\n\n\n<p><a href=\"https:\/\/skola7.sigulda.lv\/wp-content\/uploads\/2023\/08\/Mores_pamatskolas_pasnovertejuma_zinojums_2021-2022-1.pdf\">Skolas pa\u0161v\u0113rt\u0113juma zi\u0146ojums<\/a><\/p>\n\n\n\n<p><\/p>\n","protected":false},"excerpt":{"rendered":"<p>Skolas nolikums Skolas pa\u0161v\u0113rt\u0113juma zi\u0146ojums<\/p>\n","protected":false},"author":2,"featured_media":0,"parent":0,"menu_order":0,"comment_status":"closed","ping_status":"closed","template":"","meta":{"footnotes":""},"class_list":["post-351","page","type-page","status-publish"],"_links":{"self":[{"href":"https:\/\/skola7.sigulda.lv\/index.php\/wp-json\/wp\/v2\/pages\/351","targetHints":{"allow":["GET"]}}],"collection":[{"href":"https:\/\/skola7.sigulda.lv\/index.php\/wp-json\/wp\/v2\/pages"}],"about":[{"href":"https:\/\/skola7.sigulda.lv\/index.php\/wp-json\/wp\/v2\/types\/page"}],"author":[{"embeddable":true,"href":"https:\/\/skola7.sigulda.lv\/index.php\/wp-json\/wp\/v2\/users\/2"}],"replies":[{"embeddable":true,"href":"https:\/\/skola7.sigulda.lv\/index.php\/wp-json\/wp\/v2\/comments?post=351"}],"version-history":[{"count":2,"href":"https:\/\/skola7.sigulda.lv\/index.php\/wp-json\/wp\/v2\/pages\/351\/revisions"}],"predecessor-version":[{"id":553,"href":"https:\/\/skola7.sigulda.lv\/index.php\/wp-json\/wp\/v2\/pages\/351\/revisions\/553"}],"wp:attachment":[{"href":"https:\/\/skola7.sigulda.lv\/index.php\/wp-json\/wp\/v2\/media?parent=351"}],"curies":[{"name":"wp","href":"https:\/\/api.w.org\/{rel}","templated":true}]}}