{"id":59,"date":"2023-08-18T17:18:12","date_gmt":"2023-08-18T15:18:12","guid":{"rendered":"https:\/\/skola7.sigulda.lv\/?page_id=59"},"modified":"2023-08-23T13:48:49","modified_gmt":"2023-08-23T11:48:49","slug":"vesture","status":"publish","type":"page","link":"https:\/\/skola7.sigulda.lv\/index.php\/vesture\/","title":{"rendered":"V\u0113sture"},"content":{"rendered":"\n<p><strong>Mores skola no pag\u0101tnes l\u012bdz \u0161odienai.<\/strong><\/p>\n\n\n\n<p>Cik sena ir un k\u0101 veidojusies Mores skola?<\/p>\n\n\n\n<p>Arh\u012bvu dokumentos min\u0113ts, ka 1874.gada vasar\u0101 Mores mui\u017e\u0101 j\u0101uzb\u016bv\u0113 skola. Un jau 1875.\/76.gada p\u0101rskat\u0101 \u0161\u012b skola ir min\u0113ta. Par Mores mui\u017eas skolas darb\u012bbas uzs\u0101k\u0161anas gadu b\u016btu j\u0101pie\u0146em 1875.gads, un t\u0101 atrad\u0101s \u0113k\u0101 \u201eSkoli\u0146a\u201d (tagad sauc \u201eIrb\u012btes\u201d).<\/p>\n\n\n\n<p>&nbsp;Vidzemes lauku skolu gada p\u0101rskat\u0101 par 1875.\/76.gadu ir min\u0113ts, ka Mores ciema tagad\u0113j\u0101 teritorij\u0101 atrodas 2 pamatskolas: K\u0101rtu\u017eu mui\u017e\u0101 (toreiz v\u0101ciskais nosaukums Sch\u00f6nek) un Akenstakas mui\u017e\u0101&nbsp; (toreiz Klingenberg) \u201cSkoli\u0146\u0101\u201d(tagad \u201cIrb\u012btes\u201d). T\u0101s abas atrad\u0101s N\u012btaures draudzes skolas p\u0101rzi\u0146\u0101.<\/p>\n\n\n\n<p>19.gs. 80.gados K\u0101rt\u016b\u017eu mui\u017eas skola p\u0113c ugunsgr\u0113ka p\u0101rce\u013cas uz \u201cLielk\u0101jiem\u201d, 90.gados t\u0101l\u0101k uz pagastm\u0101ju, bet 1903.gad\u0101 uz jaunuzcelto skolas \u0113ku (tagad Siguldas iela 3). T\u0101 bija lutertic\u012bg\u0101s draudzes skola.<\/p>\n\n\n\n<p>P\u0113c 1906.gada Akenstakas mui\u017eas skolas \u2013 pareiztic\u012bgo draudzes skolas&nbsp; &#8211;&nbsp; vec\u0101k\u0101s klases p\u0101rce\u013cas uz jaunuzcelto \u0113ku Mores centr\u0101 ( tagad Siguldas iela 15).<\/p>\n\n\n\n<p>L\u012bdz I pasaules karam Mores pagast\u0101 darbojas 3 skolas: divas pareiztic\u012bgo un viena luter\u0101\u0146u.<\/p>\n\n\n\n<p>Pirm\u0101 pasaules kara laik\u0101 frontes l\u012bnija smagi sk\u0101ra ar\u012b Mores ciema teritoriju.<\/p>\n\n\n\n<p>P\u0113c I Pasaules kara visas tr\u012bs skolu \u0113kas bija boj\u0101tas, remontam naudas nepietika. Skola tika atjaunota tikai vien\u0101 viet\u0101 \u2013 biju\u0161aj\u0101 mui\u017ekunga m\u0101j\u0101 B\u0113rzain\u0113 Akenstak\u0101.<\/p>\n\n\n\n<p>1919. \u2013 1934. gadam par skolas p\u0101rzini str\u0101d\u0101 \u0100dolfs Ziemelis.<\/p>\n\n\n\n<p>1924.gad\u0101 skola uzs\u0101ka darbu atjaunotaj\u0101 biju\u0161aj\u0101 lutertic\u012bgo skolas \u0113k\u0101 (Siguldas iel\u0101 3). Visi pagasta skol\u0113ni m\u0101c\u012bj\u0101s vien\u0101 skolas \u0113k\u0101, to skaits bija ap 90. Skol\u0101 bija 6 klases, str\u0101d\u0101ja 4 skolot\u0101ji un 1 apkalpot\u0101js.<\/p>\n\n\n\n<p>1935. \u2013 1939. gadam skolas p\u0101rzinis bija Andrejs Blomkalns. Skol\u0113nu skaits ap 110 \u2013 120. Skolas telpas&nbsp; stipri nepiem\u0113rotas. Kopgalds un intern\u0101ts bija, uzskates l\u012bdzek\u013cu kl\u0101sts nabadz\u012bgs.<\/p>\n\n\n\n<p>1939. \u2013 1941. gadam, s\u0101koties padomju okup\u0101cijai, skolas p\u0101rzine bija Em\u012blija Veitmane.<\/p>\n\n\n\n<p>V\u0101cu okup\u0101cijas laik\u0101 1941. \u2013 1944.gadam skolu p\u0101rmai\u0146us vad\u012bja Vladislavs un Anna Vana\u0123e\u013ci un skola savu darb\u012bbu nep\u0101rtrauca. Tikai Mores kauju laik\u0101 1944.gada septembr\u012b skol\u0101 m\u0101c\u012bbas nenotika, jo ab\u0101s skol\u0101s bija ier\u012bkotas lazaretes. Abas \u0113kas guva boj\u0101jumus ap\u0161aud\u0113s.<\/p>\n\n\n\n<p>P\u0113c kauj\u0101m m\u0101c\u012bbas ats\u0101k\u0101s Mores pagastm\u0101jas \u0113k\u0101, bet p\u0113c tam turpin\u0101j\u0101s atjaunotaj\u0101 lutertic\u012bgo \u0113k\u0101.<\/p>\n\n\n\n<p>No 1944. \u2013 1950. gadam par skolas direktoru str\u0101d\u0101 Otto Metums. \u0160ai laik\u0101 skolas dz\u012bve un darbs tika pak\u013cauts p\u0113ckara atjauno\u0161anai. Bija j\u0101labo skolas \u0113ka, j\u0101atjauno skolas materi\u0101l\u0101 b\u0101ze, k\u0101 ar\u012b j\u0101organiz\u0113 m\u0101c\u012bbu darbs.<\/p>\n\n\n\n<p>No 1950. \u2013 1952. gadam skolas direktors bija Uldis Blaus.<\/p>\n\n\n\n<p>No 1952.- 1954. gadam \u2013 Izolde Kr\u016bma.<\/p>\n\n\n\n<p>No 1954. \u2013 1975. gadam skolas direktors bija Valdis Aizupietis \u2013 le\u0123end\u0101ra person\u012bba, bie\u017ei piemin\u0113ts daudzu absolventu atmi\u0146\u0101s ar sav\u0101m \u012bpa\u0161aj\u0101m audzin\u0101\u0161anas metod\u0113m (melnais bloci\u0146\u0161 ar bl\u0113\u0146daru sarakstiem un tiem piespriestajiem darbiem\u2026).<\/p>\n\n\n\n<p>\u0160ai laik\u0101 tika atjaunota pareiztic\u012bgo skolas \u0113ka (Siguldas 15) un no 1958.gada 1.septembra m\u0101c\u012bbas pamat\u0101 notika \u0161ai \u0113k\u0101. Otr\u0101 \u0113k\u0101 (Siguldas 3) tika atst\u0101ts intern\u0101ts, \u0113din\u0101\u0161anas bloks, aktu z\u0101le, kur notika ar\u012b sporta nodarb\u012bbas, k\u0101 ar\u012b z\u0113nu un meite\u0146u m\u0101jtur\u012bbas kabineti. Skolas teritorij\u0101 tika iest\u0101d\u012bts \u0101be\u013cd\u0101rzs, ier\u012bkota siltumn\u012bca, izm\u0113\u0123in\u0101jumu lauci\u0146i. Tur tika izaudz\u0113ti produkti skolas kopgaldam. Blakus skolas \u0113kai&nbsp; tika veikti melior\u0101cijas darbi un ier\u012bkots sporta laukums un basketbola laukums.1962.gad\u0101 skola ieguva 1.vietu rajon\u0101 skolas apk\u0101rtnes labiek\u0101rto\u0161an\u0101 skolot\u0101jas Veltas Kakti\u0146as vad\u012bb\u0101.<\/p>\n\n\n\n<p>No 1970.gada m\u0101c\u012bbu klases pamaz\u0101m atgriez\u0101s ar\u012b Siguldas 3, iek\u0101rtojot tur 1.klasi.<\/p>\n\n\n\n<p>1975. gad\u0101 ar v\u0113rienu tika svin\u0113ta skolas simtgade, organiz\u0113jot salidojumu, uz kuru pulc\u0113j\u0101s daudzi biju\u0161ie absolventi. Turpm\u0101k salidojumi k\u013cuva par skolas trad\u012bciju un p\u0113c iesp\u0113jas tika r\u012bkoti ik p\u0113c 5 gadiem.<\/p>\n\n\n\n<p>No 1975. \u2013 2000.gadam skolu vad\u012bja t\u0101s ilglaic\u012bg\u0101k\u0101 direktore Vija B\u0113rzi\u0146a. Tas bija laiks, kad 80. gados n\u0101c\u0101s nopietni c\u012bn\u012bties par skolas past\u0101v\u0113\u0161anu, jo strauji samazin\u0101j\u0101s skol\u0113nu skaits (1986.gad\u0101 tikai 60skol\u0113ni). Ta\u010du \u0161ai laik\u0101 nopietna uzman\u012bba tika piev\u0113rsta darbam ar talant\u012bgajiem skol\u0113niem, skol\u0113ni ar pan\u0101kumiem piedal\u012bj\u0101s m\u0101c\u012bbu olimpi\u0101d\u0113s. Finans\u0113jums skolai bija niec\u012bgs, remontdarbus parasti veica skolot\u0101ji saviem un \u0123imenes locek\u013cu sp\u0113kiem, pa\u0161i p\u0113rkot materi\u0101lus un kr\u0101sas.<\/p>\n\n\n\n<p>No 2000.- 2005.gadam skolas direktore bija Iveta Apine. Skolai bija nepiecie\u0161amas p\u0101rmai\u0146as un \u0161ai laik\u0101 uzs\u0101kta telpu papla\u0161in\u0101\u0161ana, izb\u016bv\u0113jot pirmo pa\u017eobeli un uzs\u0101ka gatavot projektu par speci\u0101lo kla\u0161u atv\u0113r\u0161anu skol\u0101.<\/p>\n\n\n\n<p>2002. gad\u0101 tiek uzs\u0101kta pirmsskolas izgl\u012bt\u012bbas programmas realiz\u0101cija oblig\u0101taj\u0101 pirmsskolas izgl\u012bt\u012bbas posm\u0101 5 un 6 gad\u012bgiem b\u0113rniem<\/p>\n\n\n\n<p>2003. gad\u0101 tika main\u012bts skolas dibin\u0101t\u0101js no C\u0113su rajona Mores ciema uz Siguldas novada pa\u0161vald\u012bbu<\/p>\n\n\n\n<p>No 2006. -2016. gadam skolas direktore bija Gundega P\u0113tersone.<\/p>\n\n\n\n<p>&nbsp;&nbsp;&nbsp;&nbsp;&nbsp;&nbsp;&nbsp;&nbsp;&nbsp;&nbsp;&nbsp; \u0160ai laik\u0101 tika realiz\u0113tas ESF projekta \u201cB\u0113rnu ar intelektu\u0101l\u0101s att\u012bst\u012bbas trauc\u0113jumiem integr\u0101cija Mores pamatskol\u0101\u201d 1. un 2.k\u0101rta. 2006.gad\u0101 tiek uzs\u0101kta speci\u0101l\u0101s izgl\u012bt\u012bbas programmas realiz\u0101cija skol\u0101 s\u0101kumskolas izgl\u012bt\u012bbas posm\u0101, vien\u0101 klas\u0113 apvienojot 21015811 un 21015911 programmu b\u0113rnus.<\/p>\n\n\n\n<p>2007.\/2008. m\u0101c\u012bbu gad\u0101 tika atv\u0113rta Speci\u0101l\u0101s izgl\u012bt\u012bbas programmas 21015811 klase skol\u0113niem ar viegliem gar\u012bg\u0101s att\u012bst\u012bbas trauc\u0113jumiem un Speci\u0101l\u0101s izgl\u012bt\u012bbas programmas 21015911 klase skol\u0113niem ar smagiem gar\u012bg\u0101s att\u012bst\u012bbas trauc\u0113jumiem vai vair\u0101kiem smagiem att\u012bst\u012bbas trauc\u0113jumiem<\/p>\n\n\n\n<p>2010. gad\u0101 pirmsskolas izgl\u012bt\u012bbas programm\u0101 tiek integr\u0113ti speci\u0101l\u0101s izgl\u012bt\u012bbas programmas izgl\u012btojamie.<\/p>\n\n\n\n<p>2011.gad\u0101 tiek ieg\u0101d\u0101ts invent\u0101rs sl\u0113po\u0161anai \u2013 sl\u0113pes un z\u0101baki gan mazajiem, gan lielajiem.<\/p>\n\n\n\n<p>No 2017. gada l\u012bdz \u0161im br\u012bdim skolu vada direktore T\u012bna Bl\u016bma.<\/p>\n\n\n\n<p>\u0160ai laik\u0101 skola iesaist\u0101s da\u017e\u0101dos Eiropas Soci\u0101l\u0101 fonda projektos un akt\u012bvi str\u0101d\u0101 pie skolas pozit\u012bv\u0101 t\u0113la veido\u0161anas Siguldas novada pa\u0161vald\u012bbas m\u0101jas lap\u0101 un skolas izveidotaj\u0101 soci\u0101l\u0101 t\u012bkla Facebook \u201cMores skola\u201d lap\u0101.<\/p>\n\n\n\n<p>P\u0113d\u0113jos gados ir v\u0113rojams skol\u0113nu skaita pieaugums, t\u0101p\u0113c turpin\u0101s telpu papla\u0161in\u0101\u0161ana, p\u0101rb\u016bv\u0113jot pa\u017eobeles. T\u0101d\u0101 veid\u0101 ir iek\u0101rtotas divas jaunas klases Siguldas iel\u0101 3, papla\u0161in\u0101tas un labiek\u0101rtotas divas klases ar\u012b otr\u0101 \u0113k\u0101.<\/p>\n\n\n\n<p>&nbsp;Pie \u0113kas Siguldas iel\u0101 3, kur darbojas pirmsskolas grupi\u0146as, iek\u0101rtoti rota\u013cu laukumi. Kop\u0161 2018.gada skolas pirmsskolas grupi\u0146\u0101s uz\u0146em b\u0113rnus no 1,5 gadu vecuma un darbojas divas grupi\u0146as.<\/p>\n\n\n\n<p>Skola gaida, kad tiks realiz\u0113ts sporta z\u0101les projekts, jo \u013coti daudzus gadus skol\u0113ni sporto piel\u0101got\u0101s telp\u0101s vai \u0101r\u0101. Ta\u010du ar\u012b ar to, kas skolai pieder, t\u0101s kolekt\u012bvs m\u0113dz dal\u012bties. T\u0101, piem\u0113ram, ja laiks at\u013cauj, skolas apk\u0101rtn\u0113 ziem\u0101 akt\u012bvi ar sl\u0113po\u0161anu var nodarboties ne tikai skol\u0113ni, bet ar\u012b citi interesenti, izmantojot skolas sl\u0113pju invent\u0101ru.<\/p>\n","protected":false},"excerpt":{"rendered":"<p>Mores skola no pag\u0101tnes l\u012bdz \u0161odienai. Cik sena ir un k\u0101 veidojusies Mores skola? Arh\u012bvu dokumentos min\u0113ts, ka 1874.gada vasar\u0101 Mores mui\u017e\u0101 j\u0101uzb\u016bv\u0113 skola. Un jau 1875.\/76.gada p\u0101rskat\u0101 \u0161\u012b skola ir min\u0113ta. Par Mores mui\u017eas skolas darb\u012bbas uzs\u0101k\u0161anas gadu b\u016btu j\u0101pie\u0146em 1875.gads, un t\u0101 atrad\u0101s \u0113k\u0101 \u201eSkoli\u0146a\u201d (tagad sauc \u201eIrb\u012btes\u201d). &nbsp;Vidzemes lauku skolu gada p\u0101rskat\u0101 &#8230; <a title=\"V\u0113sture\" class=\"read-more\" href=\"https:\/\/skola7.sigulda.lv\/index.php\/vesture\/\" aria-label=\"Read more about V\u0113sture\">Las\u012bt t\u0101l\u0101k<\/a><\/p>\n","protected":false},"author":2,"featured_media":0,"parent":0,"menu_order":0,"comment_status":"closed","ping_status":"closed","template":"","meta":{"footnotes":""},"class_list":["post-59","page","type-page","status-publish"],"_links":{"self":[{"href":"https:\/\/skola7.sigulda.lv\/index.php\/wp-json\/wp\/v2\/pages\/59","targetHints":{"allow":["GET"]}}],"collection":[{"href":"https:\/\/skola7.sigulda.lv\/index.php\/wp-json\/wp\/v2\/pages"}],"about":[{"href":"https:\/\/skola7.sigulda.lv\/index.php\/wp-json\/wp\/v2\/types\/page"}],"author":[{"embeddable":true,"href":"https:\/\/skola7.sigulda.lv\/index.php\/wp-json\/wp\/v2\/users\/2"}],"replies":[{"embeddable":true,"href":"https:\/\/skola7.sigulda.lv\/index.php\/wp-json\/wp\/v2\/comments?post=59"}],"version-history":[{"count":2,"href":"https:\/\/skola7.sigulda.lv\/index.php\/wp-json\/wp\/v2\/pages\/59\/revisions"}],"predecessor-version":[{"id":347,"href":"https:\/\/skola7.sigulda.lv\/index.php\/wp-json\/wp\/v2\/pages\/59\/revisions\/347"}],"wp:attachment":[{"href":"https:\/\/skola7.sigulda.lv\/index.php\/wp-json\/wp\/v2\/media?parent=59"}],"curies":[{"name":"wp","href":"https:\/\/api.w.org\/{rel}","templated":true}]}}